CRAN Package Check Results for Package pacu

Last updated on 2024-12-19 23:50:40 CET.

Flavor Version Tinstall Tcheck Ttotal Status Flags
r-devel-linux-x86_64-debian-gcc 0.1.44 9.88 158.21 168.09 OK
r-devel-linux-x86_64-fedora-clang 0.1.44 403.09 OK
r-devel-linux-x86_64-fedora-gcc 0.1.44 396.61 OK
r-devel-windows-x86_64 0.1.44 14.00 218.00 232.00 OK
r-release-linux-x86_64 0.1.44 12.88 215.17 228.05 OK
r-release-macos-arm64 0.1.44 109.00 NOTE
r-release-macos-x86_64 0.1.44 213.00 NOTE
r-oldrel-macos-arm64 0.1.44 106.00 NOTE
r-oldrel-macos-x86_64 0.1.44 168.00 NOTE

Check Details

Version: 0.1.44
Check: installed package size
Result: NOTE installed size is 7.1Mb sub-directories of 1Mb or more: doc 1.9Mb extdata 4.8Mb Flavors: r-release-macos-arm64, r-release-macos-x86_64, r-oldrel-macos-arm64, r-oldrel-macos-x86_64