CRAN Package Check Results for Package paleobioDB

Last updated on 2024-12-19 23:50:40 CET.

Flavor Version Tinstall Tcheck Ttotal Status Flags
r-devel-linux-x86_64-debian-clang 1.0.0 21.39 190.73 212.12 NOTE
r-devel-linux-x86_64-debian-gcc 1.0.0 12.92 112.53 125.45 NOTE
r-devel-linux-x86_64-fedora-clang 1.0.0 337.49 OK
r-devel-linux-x86_64-fedora-gcc 1.0.0 319.26 OK
r-devel-windows-x86_64 1.0.0 16.00 158.00 174.00 NOTE
r-patched-linux-x86_64 1.0.0 20.44 179.54 199.98 OK
r-release-linux-x86_64 1.0.0 19.65 175.46 195.11 OK
r-release-macos-arm64 1.0.0 62.00 OK
r-release-macos-x86_64 1.0.0 99.00 OK
r-release-windows-x86_64 1.0.0 17.00 165.00 182.00 OK
r-oldrel-macos-arm64 1.0.0 69.00 OK
r-oldrel-macos-x86_64 1.0.0 190.00 OK
r-oldrel-windows-x86_64 1.0.0 27.00 215.00 242.00 OK

Check Details

Version: 1.0.0
Check: Rd cross-references
Result: NOTE Found the following Rd file(s) with Rd \link{} targets missing package anchors: pbdb_map.Rd: map pbdb_map_occur.Rd: map pbdb_map_richness.Rd: map Please provide package anchors for all Rd \link{} targets not in the package itself and the base packages. Flavors: r-devel-linux-x86_64-debian-clang, r-devel-linux-x86_64-debian-gcc, r-devel-windows-x86_64