Last updated on 2024-12-19 23:50:40 CET.
Flavor | Version | Tinstall | Tcheck | Ttotal | Status | Flags |
---|---|---|---|---|---|---|
r-devel-linux-x86_64-debian-clang | 2.1.6 | 45.28 | 406.79 | 452.07 | NOTE | |
r-devel-linux-x86_64-debian-gcc | 2.1.6 | 29.34 | 272.42 | 301.76 | NOTE | |
r-devel-linux-x86_64-fedora-clang | 2.1.6 | 705.96 | NOTE | |||
r-devel-linux-x86_64-fedora-gcc | 2.1.6 | 691.73 | NOTE | |||
r-devel-windows-x86_64 | 2.1.6 | 40.00 | 381.00 | 421.00 | NOTE | |
r-patched-linux-x86_64 | 2.1.6 | 40.09 | 378.13 | 418.22 | OK | |
r-release-linux-x86_64 | 2.1.6 | 44.40 | 379.99 | 424.39 | OK | |
r-release-macos-arm64 | 2.1.6 | 172.00 | NOTE | |||
r-release-macos-x86_64 | 2.1.6 | 290.00 | NOTE | |||
r-release-windows-x86_64 | 2.1.6 | 39.00 | 367.00 | 406.00 | OK | |
r-oldrel-macos-arm64 | 2.1.6 | 181.00 | OK | |||
r-oldrel-macos-x86_64 | 2.1.6 | 344.00 | NOTE | |||
r-oldrel-windows-x86_64 | 2.1.6 | 53.00 | 499.00 | 552.00 | OK |
Version: 2.1.6
Check: DESCRIPTION meta-information
Result: NOTE
Language field contains the following invalid language tags:
en_AU
Flavors: r-devel-linux-x86_64-debian-clang, r-devel-linux-x86_64-debian-gcc, r-devel-linux-x86_64-fedora-clang, r-devel-linux-x86_64-fedora-gcc, r-devel-windows-x86_64
Version: 2.1.6
Check: installed package size
Result: NOTE
installed size is 5.2Mb
sub-directories of 1Mb or more:
data 4.5Mb
Flavors: r-release-macos-arm64, r-release-macos-x86_64, r-oldrel-macos-x86_64