CRAN Package Check Results for Package parallelMap

Last updated on 2024-12-19 23:50:40 CET.

Flavor Version Tinstall Tcheck Ttotal Status Flags
r-devel-linux-x86_64-debian-clang 1.5.1 2.72 48.57 51.29 OK
r-devel-linux-x86_64-debian-gcc 1.5.1 2.17 40.06 42.23 OK
r-devel-linux-x86_64-fedora-clang 1.5.1 79.80 OK
r-devel-linux-x86_64-fedora-gcc 1.5.1 76.62 OK
r-devel-windows-x86_64 1.5.1 4.00 76.00 80.00 OK
r-patched-linux-x86_64 1.5.1 3.21 47.13 50.34 NOTE
r-release-linux-x86_64 1.5.1 2.31 46.40 48.71 NOTE
r-release-macos-arm64 1.5.1 32.00 NOTE
r-release-macos-x86_64 1.5.1 47.00 NOTE
r-release-windows-x86_64 1.5.1 5.00 74.00 79.00 OK
r-oldrel-macos-arm64 1.5.1 33.00 NOTE
r-oldrel-macos-x86_64 1.5.1 49.00 NOTE
r-oldrel-windows-x86_64 1.5.1 4.00 90.00 94.00 OK

Check Details

Version: 1.5.1
Check: package dependencies
Result: NOTE Package suggested but not available for checking: ‘Rmpi’ Flavors: r-patched-linux-x86_64, r-release-linux-x86_64, r-release-macos-arm64, r-release-macos-x86_64, r-oldrel-macos-arm64, r-oldrel-macos-x86_64