CRAN Package Check Results for Package paropt

Last updated on 2024-12-19 23:50:40 CET.

Flavor Version Tinstall Tcheck Ttotal Status Flags
r-devel-linux-x86_64-debian-clang 0.3.3 62.39 49.27 111.66 OK
r-devel-linux-x86_64-debian-gcc 0.3.3 46.29 35.41 81.70 OK
r-devel-linux-x86_64-fedora-clang 0.3.3 211.79 OK
r-devel-linux-x86_64-fedora-gcc 0.3.3 230.86 OK
r-devel-windows-x86_64 0.3.3 74.00 101.00 175.00 OK
r-patched-linux-x86_64 0.3.3 59.95 45.75 105.70 OK
r-release-linux-x86_64 0.3.3 60.02 45.67 105.69 OK
r-release-macos-arm64 0.3.3 53.00 NOTE
r-release-macos-x86_64 0.3.3 71.00 NOTE
r-release-windows-x86_64 0.3.3 72.00 94.00 166.00 OK
r-oldrel-macos-arm64 0.3.3 68.00 NOTE
r-oldrel-macos-x86_64 0.3.3 95.00 NOTE
r-oldrel-windows-x86_64 0.3.3 85.00 114.00 199.00 OK

Check Details

Version: 0.3.3
Check: installed package size
Result: NOTE installed size is 5.7Mb sub-directories of 1Mb or more: libs 4.2Mb Flavors: r-release-macos-arm64, r-release-macos-x86_64, r-oldrel-macos-arm64, r-oldrel-macos-x86_64