CRAN Package Check Results for Package parsnip

Last updated on 2024-12-19 23:50:40 CET.

Flavor Version Tinstall Tcheck Ttotal Status Flags
r-devel-linux-x86_64-debian-clang 1.2.1 16.00 169.43 185.43 NOTE
r-devel-linux-x86_64-debian-gcc 1.2.1 12.56 121.95 134.51 NOTE
r-devel-linux-x86_64-fedora-clang 1.2.1 342.19 OK
r-devel-linux-x86_64-fedora-gcc 1.2.1 324.32 OK
r-devel-windows-x86_64 1.2.1 23.00 276.00 299.00 NOTE
r-patched-linux-x86_64 1.2.1 25.05 161.70 186.75 OK
r-release-linux-x86_64 1.2.1 15.49 164.75 180.24 OK
r-release-macos-arm64 1.2.1 82.00 OK
r-release-macos-x86_64 1.2.1 131.00 OK
r-release-windows-x86_64 1.2.1 20.00 374.00 394.00 OK
r-oldrel-macos-arm64 1.2.1 96.00 OK
r-oldrel-macos-x86_64 1.2.1 246.00 OK
r-oldrel-windows-x86_64 1.2.1 27.00 286.00 313.00 OK

Check Details

Version: 1.2.1
Check: Rd cross-references
Result: NOTE Found the following Rd file(s) with Rd \link{} targets missing package anchors: details_survival_reg_flexsurv.Rd: strata details_survival_reg_flexsurvspline.Rd: strata Please provide package anchors for all Rd \link{} targets not in the package itself and the base packages. Flavors: r-devel-linux-x86_64-debian-clang, r-devel-linux-x86_64-debian-gcc, r-devel-windows-x86_64