CRAN Package Check Results for Package pathfindR.data

Last updated on 2024-12-19 23:50:41 CET.

Flavor Version Tinstall Tcheck Ttotal Status Flags
r-devel-linux-x86_64-debian-clang 2.1.0 23.27 26.05 49.32 OK
r-devel-linux-x86_64-debian-gcc 2.1.0 21.12 21.04 42.16 OK
r-devel-linux-x86_64-fedora-clang 2.1.0 79.16 OK
r-devel-linux-x86_64-fedora-gcc 2.1.0 78.70 OK
r-devel-windows-x86_64 2.1.0 27.00 50.00 77.00 OK
r-patched-linux-x86_64 2.1.0 24.27 25.85 50.12 OK
r-release-linux-x86_64 2.1.0 25.69 25.40 51.09 OK
r-release-macos-arm64 2.1.0 39.00 NOTE
r-release-macos-x86_64 2.1.0 41.00 NOTE
r-release-windows-x86_64 2.1.0 29.00 49.00 78.00 NOTE
r-oldrel-macos-arm64 2.1.0 43.00 NOTE
r-oldrel-macos-x86_64 2.1.0 77.00 NOTE
r-oldrel-windows-x86_64 2.1.0 30.00 50.00 80.00 NOTE

Check Details

Version: 2.1.0
Check: installed package size
Result: NOTE installed size is 5.7Mb sub-directories of 1Mb or more: R 4.0Mb data 1.5Mb Flavors: r-release-macos-arm64, r-release-macos-x86_64, r-release-windows-x86_64, r-oldrel-macos-arm64, r-oldrel-macos-x86_64, r-oldrel-windows-x86_64