Last updated on 2024-12-19 23:50:41 CET.
Flavor | Version | Tinstall | Tcheck | Ttotal | Status | Flags |
---|---|---|---|---|---|---|
r-devel-linux-x86_64-debian-clang | 0.1.3 | 10.61 | 108.90 | 119.51 | OK | |
r-devel-linux-x86_64-debian-gcc | 0.1.3 | 7.19 | 74.78 | 81.97 | OK | |
r-devel-linux-x86_64-fedora-clang | 0.1.3 | 210.96 | OK | |||
r-devel-linux-x86_64-fedora-gcc | 0.1.3 | 209.90 | OK | |||
r-devel-windows-x86_64 | 0.1.3 | 12.00 | 150.00 | 162.00 | OK | |
r-patched-linux-x86_64 | 0.1.3 | 9.91 | 102.50 | 112.41 | OK | |
r-release-linux-x86_64 | 0.1.3 | 8.80 | 101.53 | 110.33 | OK | |
r-release-macos-arm64 | 0.1.3 | 63.00 | OK | |||
r-release-macos-x86_64 | 0.1.3 | 79.00 | NOTE | |||
r-release-windows-x86_64 | 0.1.3 | 13.00 | 135.00 | 148.00 | OK | |
r-oldrel-macos-arm64 | 0.1.3 | 60.00 | NOTE | |||
r-oldrel-macos-x86_64 | 0.1.3 | 88.00 | NOTE | |||
r-oldrel-windows-x86_64 | 0.1.3 | 16.00 | 162.00 | 178.00 | OK |
Version: 0.1.3
Check: package dependencies
Result: NOTE
Package suggested but not available for checking: ‘ggtreeExtra’
Flavors: r-release-macos-x86_64, r-oldrel-macos-arm64, r-oldrel-macos-x86_64