CRAN Package Check Results for Package pdftools

Last updated on 2024-12-19 23:50:41 CET.

Flavor Version Tinstall Tcheck Ttotal Status Flags
r-devel-linux-x86_64-debian-clang 3.4.1 14.12 28.76 42.88 OK
r-devel-linux-x86_64-debian-gcc 3.4.1 11.86 23.61 35.47 OK
r-devel-linux-x86_64-fedora-clang 3.4.1 82.66 OK
r-devel-linux-x86_64-fedora-gcc 3.4.1 82.64 OK
r-devel-windows-x86_64 3.4.1 36.00 129.00 165.00 OK
r-patched-linux-x86_64 3.4.1 16.15 27.77 43.92 OK
r-release-linux-x86_64 3.4.1 16.20 27.48 43.68 OK
r-release-macos-arm64 3.4.1 31.00 NOTE
r-release-macos-x86_64 3.4.1 58.00 NOTE
r-release-windows-x86_64 3.4.1 36.00 116.00 152.00 NOTE
r-oldrel-macos-arm64 3.4.1 33.00 NOTE
r-oldrel-macos-x86_64 3.4.1 56.00 NOTE
r-oldrel-windows-x86_64 3.4.1 38.00 130.00 168.00 NOTE

Check Details

Version: 3.4.1
Check: installed package size
Result: NOTE installed size is 21.2Mb sub-directories of 1Mb or more: libs 8.4Mb share 12.8Mb Flavors: r-release-macos-arm64, r-release-macos-x86_64, r-release-windows-x86_64, r-oldrel-macos-arm64, r-oldrel-macos-x86_64, r-oldrel-windows-x86_64