Last updated on 2024-12-19 23:50:41 CET.
Flavor | Version | Tinstall | Tcheck | Ttotal | Status | Flags |
---|---|---|---|---|---|---|
r-devel-linux-x86_64-debian-clang | 1.3 | 10.77 | 87.01 | 97.78 | OK | |
r-devel-linux-x86_64-debian-gcc | 1.3 | 7.42 | 63.32 | 70.74 | OK | |
r-devel-linux-x86_64-fedora-clang | 1.3 | 157.59 | OK | |||
r-devel-linux-x86_64-fedora-gcc | 1.3 | 164.21 | OK | |||
r-devel-windows-x86_64 | 1.3 | 14.00 | 186.00 | 200.00 | OK | |
r-patched-linux-x86_64 | 1.3 | 11.01 | 83.33 | 94.34 | OK | |
r-release-linux-x86_64 | 1.3 | 10.82 | 82.34 | 93.16 | OK | |
r-release-macos-arm64 | 1.3 | 50.00 | OK | |||
r-release-macos-x86_64 | 1.3 | 83.00 | OK | |||
r-release-windows-x86_64 | 1.3 | 15.00 | 149.00 | 164.00 | OK | |
r-oldrel-macos-arm64 | 1.3 | 72.00 | NOTE | |||
r-oldrel-macos-x86_64 | 1.3 | 152.00 | OK | |||
r-oldrel-windows-x86_64 | 1.3 | 17.00 | 156.00 | 173.00 | OK |
Version: 1.3
Check: package dependencies
Result: NOTE
Package suggested but not available for checking: ‘snpStats’
Flavor: r-oldrel-macos-arm64