CRAN Package Check Results for Package pgraph

Last updated on 2024-12-19 23:50:41 CET.

Flavor Version Tinstall Tcheck Ttotal Status Flags
r-devel-linux-x86_64-debian-clang 1.6 6.46 58.33 64.79 OK
r-devel-linux-x86_64-debian-gcc 1.6 4.96 41.98 46.94 OK
r-devel-linux-x86_64-fedora-clang 1.6 102.22 OK
r-devel-linux-x86_64-fedora-gcc 1.6 97.22 OK
r-devel-windows-x86_64 1.6 7.00 74.00 81.00 OK
r-patched-linux-x86_64 1.6 6.81 54.50 61.31 NOTE
r-release-linux-x86_64 1.6 6.09 54.33 60.42 NOTE
r-release-macos-arm64 1.6 32.00 NOTE
r-release-macos-x86_64 1.6 47.00 NOTE
r-release-windows-x86_64 1.6 9.00 75.00 84.00 NOTE
r-oldrel-macos-arm64 1.6 34.00 NOTE
r-oldrel-macos-x86_64 1.6 57.00 NOTE
r-oldrel-windows-x86_64 1.6 9.00 84.00 93.00 NOTE

Check Details

Version: 1.6
Check: LazyData
Result: NOTE 'LazyData' is specified without a 'data' directory Flavors: r-patched-linux-x86_64, r-release-linux-x86_64, r-release-macos-arm64, r-release-macos-x86_64, r-release-windows-x86_64, r-oldrel-macos-arm64, r-oldrel-macos-x86_64, r-oldrel-windows-x86_64