CRAN Package Check Results for Package phia

Last updated on 2024-12-19 23:50:41 CET.

Flavor Version Tinstall Tcheck Ttotal Status Flags
r-devel-linux-x86_64-debian-clang 0.3-1 7.69 70.10 77.79 NOTE
r-devel-linux-x86_64-debian-gcc 0.3-1 6.12 51.00 57.12 NOTE
r-devel-linux-x86_64-fedora-clang 0.3-1 126.24 OK
r-devel-linux-x86_64-fedora-gcc 0.3-1 133.86 OK
r-devel-windows-x86_64 0.3-1 9.00 100.00 109.00 NOTE
r-patched-linux-x86_64 0.3-1 14.20 66.12 80.32 OK
r-release-linux-x86_64 0.3-1 8.22 66.13 74.35 OK
r-release-macos-arm64 0.3-1 43.00 OK
r-release-macos-x86_64 0.3-1 63.00 OK
r-release-windows-x86_64 0.3-1 9.00 113.00 122.00 OK
r-oldrel-macos-arm64 0.3-1 50.00 OK
r-oldrel-macos-x86_64 0.3-1 133.00 OK
r-oldrel-windows-x86_64 0.3-1 12.00 103.00 115.00 OK

Check Details

Version: 0.3-1
Check: Rd cross-references
Result: NOTE Found the following Rd file(s) with Rd \link{} targets missing package anchors: interactionMeans.Rd: Anova, linearHypothesis testFactors.Rd: linearHypothesis, Anova testInteractions.Rd: Anova, linearHypothesis Please provide package anchors for all Rd \link{} targets not in the package itself and the base packages. Flavors: r-devel-linux-x86_64-debian-clang, r-devel-linux-x86_64-debian-gcc, r-devel-windows-x86_64