Last updated on 2024-12-19 23:50:41 CET.
Flavor | Version | Tinstall | Tcheck | Ttotal | Status | Flags |
---|---|---|---|---|---|---|
r-devel-linux-x86_64-debian-clang | 1.1.0 | 110.24 | 148.57 | 258.81 | OK | |
r-devel-linux-x86_64-debian-gcc | 1.1.0 | 90.31 | 103.37 | 193.68 | OK | |
r-devel-linux-x86_64-fedora-clang | 1.1.0 | 754.10 | OK | |||
r-devel-linux-x86_64-fedora-gcc | 1.1.0 | 874.72 | OK | |||
r-devel-windows-x86_64 | 1.1.0 | 159.00 | 538.00 | 697.00 | OK | |
r-patched-linux-x86_64 | 1.1.0 | 128.11 | 139.89 | 268.00 | NOTE | |
r-release-linux-x86_64 | 1.1.0 | 123.87 | 141.27 | 265.14 | NOTE | |
r-release-macos-arm64 | 1.1.0 | 109.00 | NOTE | |||
r-release-macos-x86_64 | 1.1.0 | 130.00 | NOTE | |||
r-release-windows-x86_64 | 1.1.0 | 159.00 | 506.00 | 665.00 | OK | |
r-oldrel-macos-arm64 | 1.1.0 | 120.00 | NOTE | |||
r-oldrel-macos-x86_64 | 1.1.0 | 207.00 | NOTE | |||
r-oldrel-windows-x86_64 | 1.1.0 | 144.00 | 197.00 | 341.00 | NOTE |
Version: 1.1.0
Check: package dependencies
Result: NOTE
Package suggested but not available for checking: ‘INLA’
Flavors: r-patched-linux-x86_64, r-release-linux-x86_64, r-release-macos-arm64, r-release-macos-x86_64, r-oldrel-macos-arm64, r-oldrel-windows-x86_64
Version: 1.1.0
Check: installed package size
Result: NOTE
installed size is 12.1Mb
sub-directories of 1Mb or more:
doc 2.0Mb
libs 9.6Mb
Flavors: r-release-macos-arm64, r-release-macos-x86_64, r-oldrel-macos-arm64, r-oldrel-macos-x86_64
Version: 1.1.0
Check: package dependencies
Result: NOTE
Packages suggested but not available for checking: 'INLA', 'DHARMa', 'rr2'
Flavor: r-oldrel-macos-x86_64