CRAN Package Check Results for Package pkggraph

Last updated on 2024-12-19 23:50:41 CET.

Flavor Version Tinstall Tcheck Ttotal Status Flags
r-devel-linux-x86_64-debian-clang 0.2.3 10.38 144.24 154.62 NOTE
r-devel-linux-x86_64-debian-gcc 0.2.3 7.58 107.75 115.33 NOTE
r-devel-linux-x86_64-fedora-clang 0.2.3 245.06 NOTE
r-devel-linux-x86_64-fedora-gcc 0.2.3 264.51 NOTE
r-devel-windows-x86_64 0.2.3 13.00 138.00 151.00 NOTE
r-patched-linux-x86_64 0.2.3 10.58 139.66 150.24 NOTE
r-release-linux-x86_64 0.2.3 8.52 139.42 147.94 NOTE
r-release-macos-arm64 0.2.3 67.00 NOTE
r-release-macos-x86_64 0.2.3 101.00 NOTE
r-release-windows-x86_64 0.2.3 13.00 130.00 143.00 NOTE
r-oldrel-macos-arm64 0.2.3 71.00 NOTE
r-oldrel-macos-x86_64 0.2.3 115.00 NOTE
r-oldrel-windows-x86_64 0.2.3 16.00 164.00 180.00 NOTE

Check Details

Version: 0.2.3
Check: package subdirectories
Result: NOTE Problems with news in ‘NEWS.md’: No news entries found. Flavors: r-devel-linux-x86_64-debian-clang, r-devel-linux-x86_64-debian-gcc, r-devel-linux-x86_64-fedora-clang, r-devel-linux-x86_64-fedora-gcc, r-devel-windows-x86_64, r-patched-linux-x86_64, r-release-linux-x86_64, r-release-macos-arm64, r-release-macos-x86_64, r-release-windows-x86_64, r-oldrel-macos-arm64, r-oldrel-macos-x86_64, r-oldrel-windows-x86_64