CRAN Package Check Results for Package pkgnews

Last updated on 2024-12-19 23:50:41 CET.

Flavor Version Tinstall Tcheck Ttotal Status Flags
r-devel-linux-x86_64-debian-clang 0.0.2 1.48 17.23 18.71 OK
r-devel-linux-x86_64-debian-gcc 0.0.2 1.21 14.57 15.78 OK
r-devel-linux-x86_64-fedora-clang 0.0.2 30.17 OK
r-devel-linux-x86_64-fedora-gcc 0.0.2 29.92 OK
r-devel-windows-x86_64 0.0.2 3.00 41.00 44.00 OK
r-patched-linux-x86_64 0.0.2 1.57 16.47 18.04 NOTE
r-release-linux-x86_64 0.0.2 1.41 16.45 17.86 NOTE
r-release-macos-arm64 0.0.2 16.00 NOTE
r-release-macos-x86_64 0.0.2 20.00 NOTE
r-release-windows-x86_64 0.0.2 2.00 58.00 60.00 NOTE
r-oldrel-macos-arm64 0.0.2 15.00 NOTE
r-oldrel-macos-x86_64 0.0.2 21.00 NOTE
r-oldrel-windows-x86_64 0.0.2 3.00 42.00 45.00 NOTE

Check Details

Version: 0.0.2
Check: LazyData
Result: NOTE 'LazyData' is specified without a 'data' directory Flavors: r-patched-linux-x86_64, r-release-linux-x86_64, r-release-macos-arm64, r-release-macos-x86_64, r-release-windows-x86_64, r-oldrel-macos-arm64, r-oldrel-macos-x86_64, r-oldrel-windows-x86_64