CRAN Package Check Results for Package plotGMM

Last updated on 2024-12-19 23:50:41 CET.

Flavor Version Tinstall Tcheck Ttotal Status Flags
r-devel-linux-x86_64-debian-clang 0.2.2 1.15 34.73 35.88 OK
r-devel-linux-x86_64-debian-gcc 0.2.2 1.06 25.60 26.66 OK
r-devel-linux-x86_64-fedora-clang 0.2.2 58.48 OK
r-devel-linux-x86_64-fedora-gcc 0.2.2 58.24 OK
r-devel-windows-x86_64 0.2.2 4.00 60.00 64.00 OK
r-patched-linux-x86_64 0.2.2 1.36 32.78 34.14 NOTE
r-release-linux-x86_64 0.2.2 1.47 32.93 34.40 NOTE
r-release-macos-arm64 0.2.2 25.00 NOTE
r-release-macos-x86_64 0.2.2 31.00 NOTE
r-release-windows-x86_64 0.2.2 3.00 75.00 78.00 NOTE
r-oldrel-macos-arm64 0.2.2 23.00 NOTE
r-oldrel-macos-x86_64 0.2.2 30.00 NOTE
r-oldrel-windows-x86_64 0.2.2 4.00 64.00 68.00 NOTE

Check Details

Version: 0.2.2
Check: LazyData
Result: NOTE 'LazyData' is specified without a 'data' directory Flavors: r-patched-linux-x86_64, r-release-linux-x86_64, r-release-macos-arm64, r-release-macos-x86_64, r-release-windows-x86_64, r-oldrel-macos-arm64, r-oldrel-macos-x86_64, r-oldrel-windows-x86_64