Last updated on 2024-12-19 23:50:41 CET.
Flavor | Version | Tinstall | Tcheck | Ttotal | Status | Flags |
---|---|---|---|---|---|---|
r-devel-linux-x86_64-debian-clang | 0.1.9 | 6.76 | 59.24 | 66.00 | OK | |
r-devel-linux-x86_64-debian-gcc | 0.1.9 | 5.43 | 40.84 | 46.27 | OK | |
r-devel-linux-x86_64-fedora-clang | 0.1.9 | 108.03 | OK | |||
r-devel-linux-x86_64-fedora-gcc | 0.1.9 | 106.02 | OK | |||
r-devel-windows-x86_64 | 0.1.9 | 11.00 | 81.00 | 92.00 | OK | |
r-patched-linux-x86_64 | 0.1.9 | 7.56 | 55.40 | 62.96 | NOTE | |
r-release-linux-x86_64 | 0.1.9 | 7.73 | 55.35 | 63.08 | NOTE | |
r-release-macos-arm64 | 0.1.9 | 33.00 | NOTE | |||
r-release-macos-x86_64 | 0.1.9 | 46.00 | NOTE | |||
r-release-windows-x86_64 | 0.1.9 | 11.00 | 106.00 | 117.00 | NOTE | |
r-oldrel-macos-arm64 | 0.1.9 | 34.00 | NOTE | |||
r-oldrel-macos-x86_64 | 0.1.9 | 52.00 | NOTE | |||
r-oldrel-windows-x86_64 | 0.1.9 | 11.00 | 89.00 | 100.00 | NOTE |
Version: 0.1.9
Check: LazyData
Result: NOTE
'LazyData' is specified without a 'data' directory
Flavors: r-patched-linux-x86_64, r-release-linux-x86_64, r-release-macos-arm64, r-release-macos-x86_64, r-release-windows-x86_64, r-oldrel-macos-arm64, r-oldrel-macos-x86_64, r-oldrel-windows-x86_64