CRAN Package Check Results for Package pmclust

Last updated on 2024-12-19 23:50:41 CET.

Flavor Version Tinstall Tcheck Ttotal Status Flags
r-devel-linux-x86_64-debian-clang 0.2-1 7.12 57.22 64.34 OK
r-devel-linux-x86_64-debian-gcc 0.2-1 5.44 46.62 52.06 OK
r-devel-linux-x86_64-fedora-clang 0.2-1 112.31 OK
r-devel-linux-x86_64-fedora-gcc 0.2-1 125.28 OK
r-devel-windows-x86_64 0.2-1 10.00 105.00 115.00 OK
r-patched-linux-x86_64 0.2-1 7.37 54.53 61.90 OK
r-release-linux-x86_64 0.2-1 6.53 55.63 62.16 OK
r-release-macos-arm64 0.2-1 9.00 ERROR
r-release-macos-x86_64 0.2-1 11.00 ERROR
r-release-windows-x86_64 0.2-1 10.00 119.00 129.00 OK
r-oldrel-macos-arm64 0.2-1 9.00 ERROR
r-oldrel-macos-x86_64 0.2-1 11.00 ERROR
r-oldrel-windows-x86_64 0.2-1 10.00 103.00 113.00 OK

Check Details

Version: 0.2-1
Check: package dependencies
Result: ERROR Package required but not available: ‘pbdMPI’ See section ‘The DESCRIPTION file’ in the ‘Writing R Extensions’ manual. Flavors: r-release-macos-arm64, r-release-macos-x86_64, r-oldrel-macos-arm64, r-oldrel-macos-x86_64