Last updated on 2024-12-19 23:50:41 CET.
Flavor | Version | Tinstall | Tcheck | Ttotal | Status | Flags |
---|---|---|---|---|---|---|
r-devel-linux-x86_64-debian-clang | 0.2.1 | 5.67 | 125.62 | 131.29 | OK | |
r-devel-linux-x86_64-debian-gcc | 0.2.1 | 4.05 | 89.82 | 93.87 | OK | |
r-devel-linux-x86_64-fedora-clang | 0.2.1 | 216.08 | OK | |||
r-devel-linux-x86_64-fedora-gcc | 0.2.1 | 234.67 | OK | |||
r-devel-windows-x86_64 | 0.2.1 | 7.00 | 174.00 | 181.00 | OK | |
r-patched-linux-x86_64 | 0.2.1 | 5.35 | 123.11 | 128.46 | OK | |
r-release-linux-x86_64 | 0.2.1 | 5.54 | 122.84 | 128.38 | OK | |
r-release-macos-arm64 | 0.2.1 | 80.00 | OK | |||
r-release-macos-x86_64 | 0.2.1 | 114.00 | OK | |||
r-release-windows-x86_64 | 0.2.1 | 7.00 | 169.00 | 176.00 | OK | |
r-oldrel-macos-arm64 | 0.2.1 | 77.00 | NOTE | |||
r-oldrel-macos-x86_64 | 0.2.1 | 113.00 | NOTE | |||
r-oldrel-windows-x86_64 | 0.2.1 | 9.00 | 174.00 | 183.00 | OK |
Version: 0.2.1
Check: package dependencies
Result: NOTE
Package suggested but not available for checking: ‘MSnbase’
Flavors: r-oldrel-macos-arm64, r-oldrel-macos-x86_64