CRAN Package Check Results for Package polmineR

Last updated on 2024-12-19 23:50:41 CET.

Flavor Version Tinstall Tcheck Ttotal Status Flags
r-devel-linux-x86_64-debian-clang 0.8.9 22.92 224.41 247.33 OK
r-devel-linux-x86_64-debian-gcc 0.8.9 16.10 165.76 181.86 OK
r-devel-linux-x86_64-fedora-clang 0.8.9 439.87 OK
r-devel-linux-x86_64-fedora-gcc 0.8.9 398.32 OK
r-devel-windows-x86_64 0.8.9 24.00 262.00 286.00 OK
r-patched-linux-x86_64 0.8.9 27.11 220.98 248.09 OK
r-release-linux-x86_64 0.8.9 20.47 221.78 242.25 OK
r-release-macos-arm64 0.8.9 98.00 NOTE
r-release-macos-x86_64 0.8.9 171.00 NOTE
r-release-windows-x86_64 0.8.9 26.00 240.00 266.00 OK
r-oldrel-macos-arm64 0.8.9 195.00 NOTE
r-oldrel-macos-x86_64 0.8.9 266.00 NOTE
r-oldrel-windows-x86_64 0.8.9 33.00 303.00 336.00 OK

Check Details

Version: 0.8.9
Check: installed package size
Result: NOTE installed size is 5.2Mb sub-directories of 1Mb or more: R 2.1Mb extdata 1.9Mb Flavors: r-release-macos-arm64, r-release-macos-x86_64, r-oldrel-macos-arm64, r-oldrel-macos-x86_64