CRAN Package Check Results for Package poolVIM

Last updated on 2024-12-19 23:50:41 CET.

Flavor Version Tinstall Tcheck Ttotal Status Flags
r-devel-linux-x86_64-debian-clang 1.0.0 10.49 75.35 85.84 OK
r-devel-linux-x86_64-debian-gcc 1.0.0 6.59 56.92 63.51 OK
r-devel-linux-x86_64-fedora-clang 1.0.0 134.58 OK
r-devel-linux-x86_64-fedora-gcc 1.0.0 127.12 OK
r-devel-windows-x86_64 1.0.0 11.00 85.00 96.00 OK
r-patched-linux-x86_64 1.0.0 8.48 71.93 80.41 NOTE
r-release-linux-x86_64 1.0.0 8.82 71.23 80.05 NOTE
r-release-macos-arm64 1.0.0 41.00 NOTE
r-release-macos-x86_64 1.0.0 69.00 NOTE
r-release-windows-x86_64 1.0.0 10.00 85.00 95.00 NOTE
r-oldrel-macos-arm64 1.0.0 43.00 NOTE
r-oldrel-macos-x86_64 1.0.0 66.00 NOTE
r-oldrel-windows-x86_64 1.0.0 14.00 101.00 115.00 NOTE

Check Details

Version: 1.0.0
Check: LazyData
Result: NOTE 'LazyData' is specified without a 'data' directory Flavors: r-patched-linux-x86_64, r-release-linux-x86_64, r-release-macos-arm64, r-release-macos-x86_64, r-release-windows-x86_64, r-oldrel-macos-arm64, r-oldrel-macos-x86_64, r-oldrel-windows-x86_64