CRAN Package Check Results for Package porridge

Last updated on 2024-12-19 23:50:41 CET.

Flavor Version Tinstall Tcheck Ttotal Status Flags
r-devel-linux-x86_64-debian-clang 0.3.3 48.11 68.70 116.81 OK
r-devel-linux-x86_64-debian-gcc 0.3.3 34.72 48.68 83.40 OK
r-devel-linux-x86_64-fedora-clang 0.3.3 190.59 OK
r-devel-linux-x86_64-fedora-gcc 0.3.3 202.57 OK
r-devel-windows-x86_64 0.3.3 47.00 109.00 156.00 OK
r-patched-linux-x86_64 0.3.3 44.23 64.50 108.73 OK
r-release-linux-x86_64 0.3.3 50.98 64.76 115.74 OK
r-release-macos-arm64 0.3.3 49.00 NOTE
r-release-macos-x86_64 0.3.3 75.00 NOTE
r-release-windows-x86_64 0.3.3 43.00 101.00 144.00 OK
r-oldrel-macos-arm64 0.3.3 56.00 NOTE
r-oldrel-macos-x86_64 0.3.3 120.00 NOTE
r-oldrel-windows-x86_64 0.3.3 57.00 129.00 186.00 OK

Check Details

Version: 0.3.3
Check: installed package size
Result: NOTE installed size is 6.4Mb sub-directories of 1Mb or more: libs 6.1Mb Flavors: r-release-macos-arm64, r-release-macos-x86_64, r-oldrel-macos-arm64, r-oldrel-macos-x86_64