CRAN Package Check Results for Package prettyB

Last updated on 2024-12-19 23:50:42 CET.

Flavor Version Tinstall Tcheck Ttotal Status Flags
r-devel-linux-x86_64-debian-clang 0.2.2 2.61 34.83 37.44 OK
r-devel-linux-x86_64-debian-gcc 0.2.2 1.97 27.33 29.30 OK
r-devel-linux-x86_64-fedora-clang 0.2.2 62.00 OK
r-devel-linux-x86_64-fedora-gcc 0.2.2 72.12 OK
r-devel-windows-x86_64 0.2.2 5.00 52.00 57.00 OK
r-patched-linux-x86_64 0.2.2 2.26 33.43 35.69 NOTE
r-release-linux-x86_64 0.2.2 2.43 33.31 35.74 NOTE
r-release-macos-arm64 0.2.2 24.00 NOTE
r-release-macos-x86_64 0.2.2 36.00 NOTE
r-release-windows-x86_64 0.2.2 5.00 52.00 57.00 NOTE
r-oldrel-macos-arm64 0.2.2 24.00 NOTE
r-oldrel-macos-x86_64 0.2.2 36.00 NOTE
r-oldrel-windows-x86_64 0.2.2 5.00 51.00 56.00 NOTE

Check Details

Version: 0.2.2
Check: LazyData
Result: NOTE 'LazyData' is specified without a 'data' directory Flavors: r-patched-linux-x86_64, r-release-linux-x86_64, r-release-macos-arm64, r-release-macos-x86_64, r-release-windows-x86_64, r-oldrel-macos-arm64, r-oldrel-macos-x86_64, r-oldrel-windows-x86_64