CRAN Package Check Results for Package pricelevels

Last updated on 2024-12-19 23:50:42 CET.

Flavor Version Tinstall Tcheck Ttotal Status Flags
r-devel-linux-x86_64-debian-clang 1.3.0 5.74 74.34 80.08 NOTE
r-devel-linux-x86_64-debian-gcc 1.3.0 3.35 60.42 63.77 NOTE
r-devel-linux-x86_64-fedora-clang 1.3.0 141.57 OK
r-devel-linux-x86_64-fedora-gcc 1.3.0 139.03 OK
r-devel-windows-x86_64 1.3.0 7.00 92.00 99.00 NOTE
r-patched-linux-x86_64 1.3.0 6.43 73.00 79.43 OK
r-release-linux-x86_64 1.3.0 4.69 73.16 77.85 OK
r-release-macos-arm64 1.3.0 65.00 OK
r-release-macos-x86_64 1.3.0 73.00 OK
r-release-windows-x86_64 1.3.0 6.00 91.00 97.00 OK
r-oldrel-macos-arm64 1.3.0 63.00 OK
r-oldrel-macos-x86_64 1.3.0 118.00 OK
r-oldrel-windows-x86_64 1.3.0 8.00 100.00 108.00 OK

Check Details

Version: 1.3.0
Check: Rd cross-references
Result: NOTE Found the following Rd file(s) with Rd \link{} targets missing package anchors: cpd.Rd: nls.lm Please provide package anchors for all Rd \link{} targets not in the package itself and the base packages. Flavors: r-devel-linux-x86_64-debian-clang, r-devel-linux-x86_64-debian-gcc, r-devel-windows-x86_64