CRAN Package Check Results for Package profileModel

Last updated on 2024-12-19 23:50:42 CET.

Flavor Version Tinstall Tcheck Ttotal Status Flags
r-devel-linux-x86_64-debian-clang 0.6.1 2.99 27.66 30.65 NOTE
r-devel-linux-x86_64-debian-gcc 0.6.1 1.80 20.51 22.31 NOTE
r-devel-linux-x86_64-fedora-clang 0.6.1 49.04 NOTE
r-devel-linux-x86_64-fedora-gcc 0.6.1 46.10 NOTE
r-devel-windows-x86_64 0.6.1 4.00 51.00 55.00 NOTE
r-patched-linux-x86_64 0.6.1 3.05 26.20 29.25 NOTE
r-release-linux-x86_64 0.6.1 2.16 25.94 28.10 NOTE
r-release-macos-arm64 0.6.1 18.00 NOTE
r-release-macos-x86_64 0.6.1 26.00 NOTE
r-release-windows-x86_64 0.6.1 4.00 79.00 83.00 NOTE
r-oldrel-macos-arm64 0.6.1 21.00 NOTE
r-oldrel-macos-x86_64 0.6.1 26.00 NOTE
r-oldrel-windows-x86_64 0.6.1 4.00 53.00 57.00 NOTE

Check Details

Version: 0.6.1
Check: Rd files
Result: NOTE checkRd: (-1) plot.profileModel.Rd:69: Escaped LaTeX specials: \& checkRd: (-1) profileModel.Rd:277: Escaped LaTeX specials: \& Flavors: r-devel-linux-x86_64-debian-clang, r-devel-linux-x86_64-debian-gcc, r-devel-linux-x86_64-fedora-clang, r-devel-linux-x86_64-fedora-gcc, r-devel-windows-x86_64, r-patched-linux-x86_64, r-release-linux-x86_64, r-release-macos-arm64, r-release-macos-x86_64, r-release-windows-x86_64, r-oldrel-macos-arm64, r-oldrel-macos-x86_64, r-oldrel-windows-x86_64