Last updated on 2024-12-19 23:50:42 CET.
Flavor | Version | Tinstall | Tcheck | Ttotal | Status | Flags |
---|---|---|---|---|---|---|
r-devel-linux-x86_64-debian-clang | 0.1.0 | 4.67 | 37.33 | 42.00 | NOTE | |
r-devel-linux-x86_64-debian-gcc | 0.1.0 | 3.03 | 28.62 | 31.65 | NOTE | |
r-devel-linux-x86_64-fedora-clang | 0.1.0 | 66.48 | OK | |||
r-devel-linux-x86_64-fedora-gcc | 0.1.0 | 64.29 | OK | |||
r-devel-windows-x86_64 | 0.1.0 | 7.00 | 64.00 | 71.00 | NOTE | |
r-patched-linux-x86_64 | 0.1.0 | 8.95 | 35.38 | 44.33 | OK | |
r-release-linux-x86_64 | 0.1.0 | 4.40 | 35.92 | 40.32 | OK | |
r-release-macos-arm64 | 0.1.0 | 24.00 | OK | |||
r-release-macos-x86_64 | 0.1.0 | 34.00 | OK | |||
r-release-windows-x86_64 | 0.1.0 | 7.00 | 59.00 | 66.00 | OK | |
r-oldrel-macos-arm64 | 0.1.0 | 24.00 | OK | |||
r-oldrel-macos-x86_64 | 0.1.0 | 34.00 | OK | |||
r-oldrel-windows-x86_64 | 0.1.0 | 8.00 | 63.00 | 71.00 | OK |
Version: 0.1.0
Check: Rd cross-references
Result: NOTE
Found the following Rd file(s) with Rd \link{} targets missing package
anchors:
as.protoclust.Rd: protoclust
Please provide package anchors for all Rd \link{} targets not in the
package itself and the base packages.
Flavors: r-devel-linux-x86_64-debian-clang, r-devel-linux-x86_64-debian-gcc, r-devel-windows-x86_64