Last updated on 2024-12-19 23:50:42 CET.
Flavor | Version | Tinstall | Tcheck | Ttotal | Status | Flags |
---|---|---|---|---|---|---|
r-devel-linux-x86_64-debian-clang | 1.5.1 | 1.42 | 22.66 | 24.08 | OK | |
r-devel-linux-x86_64-debian-gcc | 1.5.1 | 1.55 | 17.64 | 19.19 | OK | |
r-devel-linux-x86_64-fedora-clang | 1.5.1 | 42.66 | OK | |||
r-devel-linux-x86_64-fedora-gcc | 1.5.1 | 53.07 | OK | |||
r-devel-windows-x86_64 | 1.5.1 | 3.00 | 47.00 | 50.00 | OK | |
r-patched-linux-x86_64 | 1.5.1 | 1.94 | 21.50 | 23.44 | NOTE | |
r-release-linux-x86_64 | 1.5.1 | 2.00 | 21.72 | 23.72 | NOTE | |
r-release-macos-arm64 | 1.5.1 | 84.00 | NOTE | |||
r-release-macos-x86_64 | 1.5.1 | 36.00 | NOTE | |||
r-release-windows-x86_64 | 1.5.1 | 5.00 | 46.00 | 51.00 | NOTE | |
r-oldrel-macos-arm64 | 1.5.1 | 23.00 | NOTE | |||
r-oldrel-macos-x86_64 | 1.5.1 | 33.00 | NOTE | |||
r-oldrel-windows-x86_64 | 1.5.1 | 4.00 | 46.00 | 50.00 | NOTE |
Version: 1.5.1
Check: package dependencies
Result: NOTE
Package suggested but not available for checking: ‘rdt’
Flavors: r-patched-linux-x86_64, r-release-linux-x86_64, r-release-macos-arm64, r-release-macos-x86_64, r-release-windows-x86_64, r-oldrel-macos-arm64, r-oldrel-macos-x86_64, r-oldrel-windows-x86_64