Last updated on 2024-12-19 23:50:42 CET.
Flavor | Version | Tinstall | Tcheck | Ttotal | Status | Flags |
---|---|---|---|---|---|---|
r-devel-linux-x86_64-debian-clang | 0.2.0 | 4.53 | 53.29 | 57.82 | NOTE | |
r-devel-linux-x86_64-debian-gcc | 0.2.0 | 3.36 | 43.95 | 47.31 | NOTE | |
r-devel-linux-x86_64-fedora-clang | 0.2.0 | 103.10 | OK | |||
r-devel-linux-x86_64-fedora-gcc | 0.2.0 | 109.67 | OK | |||
r-devel-windows-x86_64 | 0.2.0 | 6.00 | 80.00 | 86.00 | NOTE | |
r-patched-linux-x86_64 | 0.2.0 | 7.52 | 54.46 | 61.98 | OK | |
r-release-linux-x86_64 | 0.2.0 | 4.08 | 53.31 | 57.39 | OK | |
r-release-macos-arm64 | 0.2.0 | 36.00 | OK | |||
r-release-macos-x86_64 | 0.2.0 | 59.00 | OK | |||
r-release-windows-x86_64 | 0.2.0 | 5.00 | 70.00 | 75.00 | OK | |
r-oldrel-macos-arm64 | 0.2.0 | 39.00 | OK | |||
r-oldrel-macos-x86_64 | 0.2.0 | 68.00 | OK | |||
r-oldrel-windows-x86_64 | 0.2.0 | 6.00 | 81.00 | 87.00 | OK |
Version: 0.2.0
Check: Rd cross-references
Result: NOTE
Found the following Rd file(s) with Rd \link{} targets missing package
anchors:
formatting.Rd: tbl_format_setup
Please provide package anchors for all Rd \link{} targets not in the
package itself and the base packages.
Flavors: r-devel-linux-x86_64-debian-clang, r-devel-linux-x86_64-debian-gcc, r-devel-windows-x86_64