CRAN Package Check Results for Package psica

Last updated on 2024-12-19 23:50:42 CET.

Flavor Version Tinstall Tcheck Ttotal Status Flags
r-devel-linux-x86_64-debian-clang 1.0.2 7.98 71.15 79.13 OK
r-devel-linux-x86_64-debian-gcc 1.0.2 6.91 52.63 59.54 OK
r-devel-linux-x86_64-fedora-clang 1.0.2 126.46 OK
r-devel-linux-x86_64-fedora-gcc 1.0.2 120.35 OK
r-devel-windows-x86_64 1.0.2 10.00 82.00 92.00 OK
r-patched-linux-x86_64 1.0.2 8.88 68.40 77.28 NOTE
r-release-linux-x86_64 1.0.2 7.71 67.60 75.31 NOTE
r-release-macos-arm64 1.0.2 38.00 NOTE
r-release-macos-x86_64 1.0.2 78.00 NOTE
r-release-windows-x86_64 1.0.2 10.00 95.00 105.00 NOTE
r-oldrel-macos-arm64 1.0.2 41.00 NOTE
r-oldrel-macos-x86_64 1.0.2 66.00 NOTE
r-oldrel-windows-x86_64 1.0.2 12.00 98.00 110.00 NOTE

Check Details

Version: 1.0.2
Check: LazyData
Result: NOTE 'LazyData' is specified without a 'data' directory Flavors: r-patched-linux-x86_64, r-release-linux-x86_64, r-release-macos-arm64, r-release-macos-x86_64, r-release-windows-x86_64, r-oldrel-macos-arm64, r-oldrel-macos-x86_64, r-oldrel-windows-x86_64