CRAN Package Check Results for Package psychonetrics

Last updated on 2024-12-19 23:50:42 CET.

Flavor Version Tinstall Tcheck Ttotal Status Flags
r-devel-linux-x86_64-debian-clang 0.13 622.30 176.64 798.94 OK
r-devel-linux-x86_64-debian-gcc 0.13 451.85 116.27 568.12 OK
r-devel-linux-x86_64-fedora-clang 0.13 1578.26 OK
r-devel-linux-x86_64-fedora-gcc 0.13 1775.42 OK
r-devel-windows-x86_64 0.13 620.00 207.00 827.00 OK
r-patched-linux-x86_64 0.13 618.37 165.97 784.34 OK
r-release-linux-x86_64 0.13 616.50 164.90 781.40 OK
r-release-macos-arm64 0.13 238.00 NOTE
r-release-macos-x86_64 0.13 333.00 NOTE
r-release-windows-x86_64 0.13 619.00 202.00 821.00 OK
r-oldrel-macos-arm64 0.13 300.00 NOTE
r-oldrel-macos-x86_64 0.13 330.00 NOTE
r-oldrel-windows-x86_64 0.13 789.00 261.00 1050.00 OK

Check Details

Version: 0.13
Check: installed package size
Result: NOTE installed size is 28.4Mb sub-directories of 1Mb or more: libs 27.2Mb Flavors: r-release-macos-arm64, r-release-macos-x86_64, r-oldrel-macos-arm64, r-oldrel-macos-x86_64