CRAN Package Check Results for Package pubtatordb

Last updated on 2024-12-19 23:50:42 CET.

Flavor Version Tinstall Tcheck Ttotal Status Flags
r-devel-linux-x86_64-debian-clang 0.1.4 1.80 25.00 26.80 OK
r-devel-linux-x86_64-debian-gcc 0.1.4 1.35 19.82 21.17 OK
r-devel-linux-x86_64-fedora-clang 0.1.4 44.72 OK
r-devel-linux-x86_64-fedora-gcc 0.1.4 55.48 OK
r-devel-windows-x86_64 0.1.4 4.00 50.00 54.00 OK
r-patched-linux-x86_64 0.1.4 2.20 24.13 26.33 NOTE
r-release-linux-x86_64 0.1.4 2.05 23.95 26.00 NOTE
r-release-macos-arm64 0.1.4 24.00 NOTE
r-release-macos-x86_64 0.1.4 62.00 NOTE
r-release-windows-x86_64 0.1.4 4.00 49.00 53.00 NOTE
r-oldrel-macos-arm64 0.1.4 26.00 NOTE
r-oldrel-macos-x86_64 0.1.4 30.00 NOTE
r-oldrel-windows-x86_64 0.1.4 4.00 49.00 53.00 NOTE

Additional issues

donttest

Check Details

Version: 0.1.4
Check: LazyData
Result: NOTE 'LazyData' is specified without a 'data' directory Flavors: r-patched-linux-x86_64, r-release-linux-x86_64, r-release-macos-arm64, r-release-macos-x86_64, r-release-windows-x86_64, r-oldrel-macos-arm64, r-oldrel-macos-x86_64, r-oldrel-windows-x86_64