CRAN Package Check Results for Package purging

Last updated on 2024-12-19 23:50:42 CET.

Flavor Version Tinstall Tcheck Ttotal Status Flags
r-devel-linux-x86_64-debian-clang 1.0.0 1.50 16.42 17.92 OK
r-devel-linux-x86_64-debian-gcc 1.0.0 1.21 13.36 14.57 OK
r-devel-linux-x86_64-fedora-clang 1.0.0 29.33 OK
r-devel-linux-x86_64-fedora-gcc 1.0.0 27.43 OK
r-devel-windows-x86_64 1.0.0 2.00 39.00 41.00 OK
r-patched-linux-x86_64 1.0.0 1.55 15.77 17.32 NOTE
r-release-linux-x86_64 1.0.0 1.43 15.59 17.02 NOTE
r-release-macos-arm64 1.0.0 15.00 NOTE
r-release-macos-x86_64 1.0.0 20.00 NOTE
r-release-windows-x86_64 1.0.0 3.00 49.00 52.00 NOTE
r-oldrel-macos-arm64 1.0.0 16.00 NOTE
r-oldrel-macos-x86_64 1.0.0 20.00 NOTE
r-oldrel-windows-x86_64 1.0.0 3.00 40.00 43.00 NOTE

Check Details

Version: 1.0.0
Check: LazyData
Result: NOTE 'LazyData' is specified without a 'data' directory Flavors: r-patched-linux-x86_64, r-release-linux-x86_64, r-release-macos-arm64, r-release-macos-x86_64, r-release-windows-x86_64, r-oldrel-macos-arm64, r-oldrel-macos-x86_64, r-oldrel-windows-x86_64