Last updated on 2024-12-19 23:50:42 CET.
Flavor | Version | Tinstall | Tcheck | Ttotal | Status | Flags |
---|---|---|---|---|---|---|
r-devel-linux-x86_64-debian-clang | 0.5.1 | 5.80 | 60.41 | 66.21 | NOTE | |
r-devel-linux-x86_64-debian-gcc | 0.5.1 | 4.13 | 41.92 | 46.05 | NOTE | |
r-devel-linux-x86_64-fedora-clang | 0.5.1 | 109.83 | NOTE | |||
r-devel-linux-x86_64-fedora-gcc | 0.5.1 | 103.45 | NOTE | |||
r-devel-windows-x86_64 | 0.5.1 | 8.00 | 87.00 | 95.00 | NOTE | |
r-patched-linux-x86_64 | 0.5.1 | 5.98 | 57.57 | 63.55 | NOTE | |
r-release-linux-x86_64 | 0.5.1 | 5.10 | 57.82 | 62.92 | NOTE | |
r-release-macos-arm64 | 0.5.1 | 33.00 | NOTE | |||
r-release-macos-x86_64 | 0.5.1 | 66.00 | NOTE | |||
r-release-windows-x86_64 | 0.5.1 | 7.00 | 81.00 | 88.00 | NOTE | |
r-oldrel-macos-arm64 | 0.5.1 | 35.00 | OK | |||
r-oldrel-macos-x86_64 | 0.5.1 | 56.00 | OK | |||
r-oldrel-windows-x86_64 | 0.5.1 | 10.00 | 97.00 | 107.00 | OK |
Version: 0.5.1
Check: Rd files
Result: NOTE
checkRd: (-1) pvlrt.Rd:42: Lost braces; missing escapes or markup?
42 | \item{no_zi_idx}{List of pairs {(i, j)} where zero inflation is not allowed. To
| ^
checkRd: (-1) r_contin_table_zip.Rd:35: Lost braces; missing escapes or markup?
35 | \item{no_zi_idx}{List of pairs {(i, j)} where zero inflation is not allowed. To
| ^
Flavors: r-devel-linux-x86_64-debian-clang, r-devel-linux-x86_64-debian-gcc, r-devel-linux-x86_64-fedora-clang, r-devel-linux-x86_64-fedora-gcc, r-devel-windows-x86_64, r-patched-linux-x86_64, r-release-linux-x86_64, r-release-macos-arm64, r-release-macos-x86_64, r-release-windows-x86_64