CRAN Package Check Results for Package pzfx

Last updated on 2024-12-19 23:50:42 CET.

Flavor Version Tinstall Tcheck Ttotal Status Flags
r-devel-linux-x86_64-debian-clang 0.3.0 2.10 24.16 26.26 OK
r-devel-linux-x86_64-debian-gcc 0.3.0 1.47 19.44 20.91 OK
r-devel-linux-x86_64-fedora-clang 0.3.0 43.57 OK
r-devel-linux-x86_64-fedora-gcc 0.3.0 53.26 OK
r-devel-windows-x86_64 0.3.0 3.00 49.00 52.00 OK
r-patched-linux-x86_64 0.3.0 1.92 23.66 25.58 NOTE
r-release-linux-x86_64 0.3.0 2.03 23.59 25.62 NOTE
r-release-macos-arm64 0.3.0 25.00 NOTE
r-release-macos-x86_64 0.3.0 33.00 NOTE
r-release-windows-x86_64 0.3.0 5.00 46.00 51.00 NOTE
r-oldrel-macos-arm64 0.3.0 37.00 NOTE
r-oldrel-macos-x86_64 0.3.0 33.00 NOTE
r-oldrel-windows-x86_64 0.3.0 4.00 48.00 52.00 NOTE

Check Details

Version: 0.3.0
Check: LazyData
Result: NOTE 'LazyData' is specified without a 'data' directory Flavors: r-patched-linux-x86_64, r-release-linux-x86_64, r-release-macos-arm64, r-release-macos-x86_64, r-release-windows-x86_64, r-oldrel-macos-arm64, r-oldrel-macos-x86_64, r-oldrel-windows-x86_64