CRAN Package Check Results for Package qccrs

Last updated on 2024-12-19 23:50:42 CET.

Flavor Version Tinstall Tcheck Ttotal Status Flags
r-devel-linux-x86_64-debian-clang 0.1.0 4.28 32.89 37.17 OK
r-devel-linux-x86_64-debian-gcc 0.1.0 2.77 24.05 26.82 OK
r-devel-linux-x86_64-fedora-clang 0.1.0 58.11 OK
r-devel-linux-x86_64-fedora-gcc 0.1.0 54.08 OK
r-devel-windows-x86_64 0.1.0 6.00 54.00 60.00 OK
r-patched-linux-x86_64 0.1.0 4.01 30.11 34.12 NOTE
r-release-linux-x86_64 0.1.0 3.27 30.48 33.75 NOTE
r-release-macos-arm64 0.1.0 21.00 NOTE
r-release-macos-x86_64 0.1.0 30.00 NOTE
r-release-windows-x86_64 0.1.0 6.00 57.00 63.00 NOTE
r-oldrel-macos-arm64 0.1.0 25.00 NOTE
r-oldrel-macos-x86_64 0.1.0 30.00 NOTE
r-oldrel-windows-x86_64 0.1.0 7.00 57.00 64.00 NOTE

Check Details

Version: 0.1.0
Check: LazyData
Result: NOTE 'LazyData' is specified without a 'data' directory Flavors: r-patched-linux-x86_64, r-release-linux-x86_64, r-release-macos-arm64, r-release-macos-x86_64, r-release-windows-x86_64, r-oldrel-macos-arm64, r-oldrel-macos-x86_64, r-oldrel-windows-x86_64