CRAN Package Check Results for Package qgisprocess

Last updated on 2024-12-19 23:50:42 CET.

Flavor Version Tinstall Tcheck Ttotal Status Flags
r-devel-linux-x86_64-debian-clang 0.4.1 4.79 78.18 82.97 OK
r-devel-linux-x86_64-debian-gcc 0.4.1 4.03 57.78 61.81 OK
r-devel-linux-x86_64-fedora-clang 0.4.1 138.64 OK
r-devel-linux-x86_64-fedora-gcc 0.4.1 143.62 OK
r-devel-windows-x86_64 0.4.1 8.00 106.00 114.00 OK
r-patched-linux-x86_64 0.4.1 6.17 73.93 80.10 NOTE
r-release-linux-x86_64 0.4.1 5.47 74.84 80.31 NOTE
r-release-macos-arm64 0.4.1 51.00 NOTE
r-release-macos-x86_64 0.4.1 84.00 NOTE
r-release-windows-x86_64 0.4.1 9.00 102.00 111.00 NOTE
r-oldrel-macos-arm64 0.4.1 57.00 NOTE
r-oldrel-macos-x86_64 0.4.1 80.00 NOTE
r-oldrel-windows-x86_64 0.4.1 9.00 120.00 129.00 NOTE

Check Details

Version: 0.4.1
Check: package dependencies
Result: NOTE Package suggested but not available for checking: ‘spDataLarge’ Flavors: r-patched-linux-x86_64, r-release-linux-x86_64, r-release-macos-arm64, r-release-macos-x86_64, r-release-windows-x86_64, r-oldrel-macos-arm64, r-oldrel-macos-x86_64, r-oldrel-windows-x86_64