Last updated on 2024-12-19 23:50:42 CET.
Flavor | Version | Tinstall | Tcheck | Ttotal | Status | Flags |
---|---|---|---|---|---|---|
r-devel-linux-x86_64-debian-clang | 4.1.0 | 157.68 | 270.36 | 428.04 | OK | |
r-devel-linux-x86_64-debian-gcc | 4.1.0 | 122.58 | 187.06 | 309.64 | OK | |
r-devel-linux-x86_64-fedora-clang | 4.1.0 | 658.92 | OK | |||
r-devel-linux-x86_64-fedora-gcc | 4.1.0 | 681.67 | OK | |||
r-devel-windows-x86_64 | 4.1.0 | 195.00 | 305.00 | 500.00 | OK | |
r-patched-linux-x86_64 | 4.1.0 | 164.37 | 255.32 | 419.69 | OK | |
r-release-linux-x86_64 | 4.1.0 | 168.87 | 254.28 | 423.15 | OK | |
r-release-macos-arm64 | 4.1.0 | 176.00 | NOTE | |||
r-release-macos-x86_64 | 4.1.0 | 328.00 | NOTE | |||
r-release-windows-x86_64 | 4.1.0 | 192.00 | 289.00 | 481.00 | OK | |
r-oldrel-macos-arm64 | 4.1.0 | 184.00 | NOTE | |||
r-oldrel-macos-x86_64 | 4.1.0 | 323.00 | NOTE | |||
r-oldrel-windows-x86_64 | 4.1.0 | 233.00 | 370.00 | 603.00 | OK |
Version: 4.1.0
Check: installed package size
Result: NOTE
installed size is 9.2Mb
sub-directories of 1Mb or more:
libs 6.8Mb
Flavors: r-release-macos-arm64, r-release-macos-x86_64, r-oldrel-macos-arm64, r-oldrel-macos-x86_64