Last updated on 2024-12-19 23:50:42 CET.
Flavor | Version | Tinstall | Tcheck | Ttotal | Status | Flags |
---|---|---|---|---|---|---|
r-devel-linux-x86_64-debian-clang | 0.9.9 | 56.90 | 214.01 | 270.91 | OK | |
r-devel-linux-x86_64-debian-gcc | 0.9.9 | 41.97 | 161.97 | 203.94 | OK | |
r-devel-linux-x86_64-fedora-clang | 0.9.9 | 443.07 | OK | |||
r-devel-linux-x86_64-fedora-gcc | 0.9.9 | 503.81 | OK | |||
r-devel-windows-x86_64 | 0.9.9 | 57.00 | 273.00 | 330.00 | OK | |
r-patched-linux-x86_64 | 0.9.9 | 56.70 | 211.80 | 268.50 | OK | |
r-release-linux-x86_64 | 0.9.9 | 54.98 | 210.56 | 265.54 | OK | |
r-release-macos-arm64 | 0.9.9 | 154.00 | NOTE | |||
r-release-macos-x86_64 | 0.9.9 | 406.00 | NOTE | |||
r-release-windows-x86_64 | 0.9.9 | 56.00 | 252.00 | 308.00 | NOTE | |
r-oldrel-macos-arm64 | 0.9.9 | 221.00 | NOTE | |||
r-oldrel-macos-x86_64 | 0.9.9 | 434.00 | NOTE | |||
r-oldrel-windows-x86_64 | 0.9.9 | 71.00 | 313.00 | 384.00 | NOTE |
Version: 0.9.9
Check: installed package size
Result: NOTE
installed size is 7.6Mb
sub-directories of 1Mb or more:
data 3.8Mb
libs 3.4Mb
Flavors: r-release-macos-arm64, r-release-macos-x86_64, r-release-windows-x86_64, r-oldrel-macos-arm64, r-oldrel-macos-x86_64, r-oldrel-windows-x86_64