Last updated on 2024-12-19 23:50:42 CET.
Flavor | Version | Tinstall | Tcheck | Ttotal | Status | Flags |
---|---|---|---|---|---|---|
r-devel-linux-x86_64-debian-clang | 0.1.0 | 2.72 | 45.14 | 47.86 | OK | |
r-devel-linux-x86_64-debian-gcc | 0.1.0 | 1.91 | 31.06 | 32.97 | OK | |
r-devel-linux-x86_64-fedora-clang | 0.1.0 | 77.75 | OK | |||
r-devel-linux-x86_64-fedora-gcc | 0.1.0 | 73.35 | OK | |||
r-devel-windows-x86_64 | 0.1.0 | 4.00 | 63.00 | 67.00 | OK | |
r-patched-linux-x86_64 | 0.1.0 | 2.61 | 42.47 | 45.08 | NOTE | |
r-release-linux-x86_64 | 0.1.0 | 2.46 | 42.56 | 45.02 | NOTE | |
r-release-macos-arm64 | 0.1.0 | 24.00 | NOTE | |||
r-release-macos-x86_64 | 0.1.0 | 40.00 | NOTE | |||
r-release-windows-x86_64 | 0.1.0 | 4.00 | 70.00 | 74.00 | NOTE | |
r-oldrel-macos-arm64 | 0.1.0 | 26.00 | NOTE | |||
r-oldrel-macos-x86_64 | 0.1.0 | 43.00 | NOTE | |||
r-oldrel-windows-x86_64 | 0.1.0 | 4.00 | 72.00 | 76.00 | NOTE |
Version: 0.1.0
Check: LazyData
Result: NOTE
'LazyData' is specified without a 'data' directory
Flavors: r-patched-linux-x86_64, r-release-linux-x86_64, r-release-macos-arm64, r-release-macos-x86_64, r-release-windows-x86_64, r-oldrel-macos-arm64, r-oldrel-macos-x86_64, r-oldrel-windows-x86_64