Last updated on 2024-12-19 23:50:42 CET.
Flavor | Version | Tinstall | Tcheck | Ttotal | Status | Flags |
---|---|---|---|---|---|---|
r-devel-linux-x86_64-debian-clang | 1.0.2 | 11.37 | 112.95 | 124.32 | OK | |
r-devel-linux-x86_64-debian-gcc | 1.0.2 | 7.03 | 83.12 | 90.15 | OK | |
r-devel-linux-x86_64-fedora-clang | 1.0.2 | 207.03 | OK | |||
r-devel-linux-x86_64-fedora-gcc | 1.0.2 | 202.13 | OK | |||
r-devel-windows-x86_64 | 1.0.2 | 11.00 | 136.00 | 147.00 | OK | |
r-patched-linux-x86_64 | 1.0.2 | 11.35 | 107.27 | 118.62 | NOTE | |
r-release-linux-x86_64 | 1.0.2 | 10.59 | 108.16 | 118.75 | NOTE | |
r-release-macos-arm64 | 1.0.2 | 58.00 | NOTE | |||
r-release-macos-x86_64 | 1.0.2 | 109.00 | NOTE | |||
r-release-windows-x86_64 | 1.0.2 | 13.00 | 122.00 | 135.00 | NOTE | |
r-oldrel-macos-arm64 | 1.0.2 | 61.00 | NOTE | |||
r-oldrel-macos-x86_64 | 1.0.2 | 155.00 | NOTE | |||
r-oldrel-windows-x86_64 | 1.0.2 | 14.00 | 152.00 | 166.00 | NOTE |
Version: 1.0.2
Check: package dependencies
Result: NOTE
Package suggested but not available for checking: ‘fastshp’
Flavors: r-patched-linux-x86_64, r-release-linux-x86_64, r-release-macos-arm64, r-release-macos-x86_64, r-release-windows-x86_64, r-oldrel-macos-arm64, r-oldrel-macos-x86_64, r-oldrel-windows-x86_64