Last updated on 2024-12-19 23:50:42 CET.
Flavor | Version | Tinstall | Tcheck | Ttotal | Status | Flags |
---|---|---|---|---|---|---|
r-devel-linux-x86_64-debian-clang | 6.5.0-5 | 52.84 | 110.87 | 163.71 | OK | |
r-devel-linux-x86_64-debian-gcc | 6.5.0-5 | 40.17 | 72.57 | 112.74 | OK | |
r-devel-linux-x86_64-fedora-clang | 6.5.0-5 | 302.70 | OK | |||
r-devel-linux-x86_64-fedora-gcc | 6.5.0-5 | 314.22 | OK | |||
r-devel-windows-x86_64 | 6.5.0-5 | 71.00 | 170.00 | 241.00 | OK | |
r-patched-linux-x86_64 | 6.5.0-5 | 56.31 | 102.18 | 158.49 | OK | |
r-release-linux-x86_64 | 6.5.0-5 | 53.81 | 103.32 | 157.13 | OK | |
r-release-macos-arm64 | 6.5.0-5 | 66.00 | NOTE | |||
r-release-macos-x86_64 | 6.5.0-5 | 212.00 | NOTE | |||
r-release-windows-x86_64 | 6.5.0-5 | 65.00 | 163.00 | 228.00 | OK | |
r-oldrel-macos-arm64 | 6.5.0-5 | 208.00 | NOTE | |||
r-oldrel-macos-x86_64 | 6.5.0-5 | 276.00 | NOTE | |||
r-oldrel-windows-x86_64 | 6.5.0-5 | 74.00 | 190.00 | 264.00 | OK |
Version: 6.5.0-5
Check: installed package size
Result: NOTE
installed size is 7.6Mb
sub-directories of 1Mb or more:
libs 4.8Mb
Flavors: r-release-macos-arm64, r-release-macos-x86_64, r-oldrel-macos-arm64, r-oldrel-macos-x86_64