Last updated on 2024-12-19 23:50:43 CET.
Flavor | Version | Tinstall | Tcheck | Ttotal | Status | Flags |
---|---|---|---|---|---|---|
r-devel-linux-x86_64-debian-clang | 0.1.2 | 4.58 | 61.51 | 66.09 | OK | |
r-devel-linux-x86_64-debian-gcc | 0.1.2 | 3.58 | 50.85 | 54.43 | OK | |
r-devel-linux-x86_64-fedora-clang | 0.1.2 | 105.46 | OK | |||
r-devel-linux-x86_64-fedora-gcc | 0.1.2 | 112.97 | OK | |||
r-devel-windows-x86_64 | 0.1.2 | 9.00 | 121.00 | 130.00 | OK | |
r-patched-linux-x86_64 | 0.1.2 | 6.19 | 59.10 | 65.29 | OK | |
r-release-linux-x86_64 | 0.1.2 | 5.04 | 61.75 | 66.79 | OK | |
r-release-macos-arm64 | 0.1.2 | 53.00 | NOTE | |||
r-release-macos-x86_64 | 0.1.2 | 79.00 | NOTE | |||
r-release-windows-x86_64 | 0.1.2 | 12.00 | 111.00 | 123.00 | NOTE | |
r-oldrel-macos-arm64 | 0.1.2 | 56.00 | NOTE | |||
r-oldrel-macos-x86_64 | 0.1.2 | 75.00 | NOTE | |||
r-oldrel-windows-x86_64 | 0.1.2 | 11.00 | 121.00 | 132.00 | NOTE |
Version: 0.1.2
Check: installed package size
Result: NOTE
installed size is 11.5Mb
sub-directories of 1Mb or more:
doc 9.9Mb
Flavors: r-release-macos-arm64, r-release-macos-x86_64, r-release-windows-x86_64, r-oldrel-macos-arm64, r-oldrel-macos-x86_64, r-oldrel-windows-x86_64