CRAN Package Check Results for Package rEDM

Last updated on 2024-12-19 23:50:43 CET.

Flavor Version Tinstall Tcheck Ttotal Status Flags
r-devel-linux-x86_64-debian-clang 1.15.4 124.94 74.11 199.05 OK
r-devel-linux-x86_64-debian-gcc 1.15.4 101.18 56.92 158.10 OK
r-devel-linux-x86_64-fedora-clang 1.15.4 389.85 OK
r-devel-linux-x86_64-fedora-gcc 1.15.4 434.27 OK
r-devel-windows-x86_64 1.15.4 107.00 194.00 301.00 OK
r-patched-linux-x86_64 1.15.4 144.49 71.58 216.07 OK
r-release-linux-x86_64 1.15.4 142.91 71.80 214.71 OK
r-release-macos-arm64 1.15.4 126.00 NOTE
r-release-macos-x86_64 1.15.4 106.00 NOTE
r-release-windows-x86_64 1.15.4 112.00 186.00 298.00 OK
r-oldrel-macos-arm64 1.15.4 102.00 NOTE
r-oldrel-macos-x86_64 1.15.4 152.00 NOTE
r-oldrel-windows-x86_64 1.15.4 119.00 210.00 329.00 OK

Check Details

Version: 1.15.4
Check: installed package size
Result: NOTE installed size is 11.9Mb sub-directories of 1Mb or more: libs 11.1Mb Flavors: r-release-macos-arm64, r-release-macos-x86_64, r-oldrel-macos-arm64, r-oldrel-macos-x86_64