Last updated on 2024-12-19 23:50:44 CET.
Flavor | Version | Tinstall | Tcheck | Ttotal | Status | Flags |
---|---|---|---|---|---|---|
r-devel-linux-x86_64-debian-clang | 0.9.6 | 6.28 | 51.59 | 57.87 | OK | |
r-devel-linux-x86_64-debian-gcc | 0.9.6 | 4.36 | 36.78 | 41.14 | OK | |
r-devel-linux-x86_64-fedora-clang | 0.9.6 | 95.11 | OK | |||
r-devel-linux-x86_64-fedora-gcc | 0.9.6 | 88.88 | OK | |||
r-devel-windows-x86_64 | 0.9.6 | 7.00 | 71.00 | 78.00 | OK | |
r-patched-linux-x86_64 | 0.9.6 | 5.46 | 49.15 | 54.61 | NOTE | |
r-release-linux-x86_64 | 0.9.6 | 4.55 | 49.03 | 53.58 | NOTE | |
r-release-macos-arm64 | 0.9.6 | 27.00 | NOTE | |||
r-release-macos-x86_64 | 0.9.6 | 43.00 | NOTE | |||
r-release-windows-x86_64 | 0.9.6 | 9.00 | 70.00 | 79.00 | NOTE | |
r-oldrel-macos-arm64 | 0.9.6 | 30.00 | NOTE | |||
r-oldrel-macos-x86_64 | 0.9.6 | 47.00 | NOTE | |||
r-oldrel-windows-x86_64 | 0.9.6 | 9.00 | 79.00 | 88.00 | NOTE |
Version: 0.9.6
Check: LazyData
Result: NOTE
'LazyData' is specified without a 'data' directory
Flavors: r-patched-linux-x86_64, r-release-linux-x86_64, r-release-macos-arm64, r-release-macos-x86_64, r-release-windows-x86_64, r-oldrel-macos-arm64, r-oldrel-macos-x86_64, r-oldrel-windows-x86_64