CRAN Package Check Results for Package rabi

Last updated on 2024-12-19 23:50:43 CET.

Flavor Version Tinstall Tcheck Ttotal Status Flags
r-devel-linux-x86_64-debian-clang 1.0.2 3.60 37.85 41.45 OK
r-devel-linux-x86_64-debian-gcc 1.0.2 2.52 33.82 36.34 OK
r-devel-linux-x86_64-fedora-clang 1.0.2 72.44 OK
r-devel-linux-x86_64-fedora-gcc 1.0.2 84.45 OK
r-devel-windows-x86_64 1.0.2 6.00 62.00 68.00 OK
r-patched-linux-x86_64 1.0.2 3.57 42.28 45.85 NOTE
r-release-linux-x86_64 1.0.2 3.54 44.72 48.26 NOTE
r-release-macos-arm64 1.0.2 29.00 NOTE
r-release-macos-x86_64 1.0.2 56.00 NOTE
r-release-windows-x86_64 1.0.2 6.00 60.00 66.00 NOTE
r-oldrel-macos-arm64 1.0.2 30.00 NOTE
r-oldrel-macos-x86_64 1.0.2 46.00 NOTE
r-oldrel-windows-x86_64 1.0.2 6.00 61.00 67.00 NOTE

Check Details

Version: 1.0.2
Check: LazyData
Result: NOTE 'LazyData' is specified without a 'data' directory Flavors: r-patched-linux-x86_64, r-release-linux-x86_64, r-release-macos-arm64, r-release-macos-x86_64, r-release-windows-x86_64, r-oldrel-macos-arm64, r-oldrel-macos-x86_64, r-oldrel-windows-x86_64