CRAN Package Check Results for Package rappsflyer

Last updated on 2024-12-19 23:50:43 CET.

Flavor Version Tinstall Tcheck Ttotal Status Flags
r-devel-linux-x86_64-debian-clang 0.2.0 4.82 43.52 48.34 OK
r-devel-linux-x86_64-debian-gcc 0.2.0 3.56 33.57 37.13 OK
r-devel-linux-x86_64-fedora-clang 0.2.0 76.42 OK
r-devel-linux-x86_64-fedora-gcc 0.2.0 85.32 OK
r-devel-windows-x86_64 0.2.0 7.00 64.00 71.00 OK
r-patched-linux-x86_64 0.2.0 5.03 41.15 46.18 NOTE
r-release-linux-x86_64 0.2.0 4.17 40.70 44.87 NOTE
r-release-macos-arm64 0.2.0 38.00 NOTE
r-release-macos-x86_64 0.2.0 54.00 NOTE
r-release-windows-x86_64 0.2.0 8.00 64.00 72.00 NOTE
r-oldrel-macos-arm64 0.2.0 35.00 NOTE
r-oldrel-macos-x86_64 0.2.0 44.00 NOTE
r-oldrel-windows-x86_64 0.2.0 8.00 70.00 78.00 NOTE

Check Details

Version: 0.2.0
Check: LazyData
Result: NOTE 'LazyData' is specified without a 'data' directory Flavors: r-patched-linux-x86_64, r-release-linux-x86_64, r-release-macos-arm64, r-release-macos-x86_64, r-release-windows-x86_64, r-oldrel-macos-arm64, r-oldrel-macos-x86_64, r-oldrel-windows-x86_64