CRAN Package Check Results for Package ratelimitr

Last updated on 2024-12-19 23:50:43 CET.

Flavor Version Tinstall Tcheck Ttotal Status Flags
r-devel-linux-x86_64-debian-clang 0.4.1 1.93 24.17 26.10 OK
r-devel-linux-x86_64-debian-gcc 0.4.1 1.38 20.03 21.41 OK
r-devel-linux-x86_64-fedora-clang 0.4.1 42.54 OK
r-devel-linux-x86_64-fedora-gcc 0.4.1 53.37 OK
r-devel-windows-x86_64 0.4.1 2.00 68.00 70.00 OK
r-patched-linux-x86_64 0.4.1 1.93 23.27 25.20 NOTE
r-release-linux-x86_64 0.4.1 1.76 22.80 24.56 NOTE
r-release-macos-arm64 0.4.1 41.00 NOTE
r-release-macos-x86_64 0.4.1 70.00 NOTE
r-release-windows-x86_64 0.4.1 3.00 65.00 68.00 NOTE
r-oldrel-macos-arm64 0.4.1 41.00 NOTE
r-oldrel-macos-x86_64 0.4.1 52.00 NOTE
r-oldrel-windows-x86_64 0.4.1 3.00 65.00 68.00 NOTE

Check Details

Version: 0.4.1
Check: LazyData
Result: NOTE 'LazyData' is specified without a 'data' directory Flavors: r-patched-linux-x86_64, r-release-linux-x86_64, r-release-macos-arm64, r-release-macos-x86_64, r-release-windows-x86_64, r-oldrel-macos-arm64, r-oldrel-macos-x86_64, r-oldrel-windows-x86_64