Last updated on 2024-12-19 23:50:43 CET.
Flavor | Version | Tinstall | Tcheck | Ttotal | Status | Flags |
---|---|---|---|---|---|---|
r-devel-linux-x86_64-debian-clang | 0.1.0 | 28.89 | 379.60 | 408.49 | NOTE | |
r-devel-linux-x86_64-debian-gcc | 0.1.0 | 18.79 | 230.43 | 249.22 | NOTE | |
r-devel-linux-x86_64-fedora-clang | 0.1.0 | 658.21 | OK | |||
r-devel-linux-x86_64-fedora-gcc | 0.1.0 | 624.13 | OK | |||
r-devel-windows-x86_64 | 0.1.0 | 25.00 | 293.00 | 318.00 | NOTE | |
r-patched-linux-x86_64 | 0.1.0 | 31.56 | 348.32 | 379.88 | OK | |
r-release-linux-x86_64 | 0.1.0 | 28.13 | 348.23 | 376.36 | OK | |
r-release-macos-arm64 | 0.1.0 | 138.00 | OK | |||
r-release-macos-x86_64 | 0.1.0 | 278.00 | OK | |||
r-release-windows-x86_64 | 0.1.0 | 27.00 | 288.00 | 315.00 | OK | |
r-oldrel-macos-arm64 | 0.1.0 | 150.00 | OK | |||
r-oldrel-macos-x86_64 | 0.1.0 | 290.00 | OK | |||
r-oldrel-windows-x86_64 | 0.1.0 | 33.00 | 377.00 | 410.00 | OK |
Version: 0.1.0
Check: Rd cross-references
Result: NOTE
Found the following Rd file(s) with Rd \link{} targets missing package
anchors:
rbgm-package.Rd: SpatialPolygonsDataFrame, SpatialLinesDataFrame
Please provide package anchors for all Rd \link{} targets not in the
package itself and the base packages.
Flavors: r-devel-linux-x86_64-debian-clang, r-devel-linux-x86_64-debian-gcc, r-devel-windows-x86_64