CRAN Package Check Results for Package rbiom

Last updated on 2024-12-19 23:50:43 CET.

Flavor Version Tinstall Tcheck Ttotal Status Flags
r-devel-linux-x86_64-debian-clang 1.0.3 27.77 40.82 68.59 OK
r-devel-linux-x86_64-debian-gcc 1.0.3 24.07 30.00 54.07 OK
r-devel-linux-x86_64-fedora-clang 1.0.3 132.04 OK
r-devel-linux-x86_64-fedora-gcc 1.0.3 148.22 OK
r-devel-windows-x86_64 1.0.3 36.00 529.00 565.00 NOTE
r-patched-linux-x86_64 1.0.3 33.44 38.31 71.75 OK
r-release-linux-x86_64 1.0.3 36.51 38.82 75.33 OK
r-release-macos-arm64 1.0.3 38.00 OK
r-release-macos-x86_64 1.0.3 45.00 OK
r-release-windows-x86_64 1.0.3 39.00 480.00 519.00 NOTE
r-oldrel-macos-arm64 1.0.3 43.00 NOTE
r-oldrel-macos-x86_64 1.0.3 70.00 NOTE
r-oldrel-windows-x86_64 1.0.3 44.00 540.00 584.00 NOTE

Additional issues

noSuggests

Check Details

Version: 1.0.3
Check: C++ specification
Result: NOTE Specified C++11: please drop specification unless essential Flavors: r-devel-windows-x86_64, r-release-windows-x86_64, r-oldrel-windows-x86_64

Version: 1.0.3
Check: package dependencies
Result: NOTE Package suggested but not available for checking: ‘rhdf5’ Flavors: r-oldrel-macos-arm64, r-oldrel-macos-x86_64