Last updated on 2024-12-19 23:50:43 CET.
Flavor | Version | Tinstall | Tcheck | Ttotal | Status | Flags |
---|---|---|---|---|---|---|
r-devel-linux-x86_64-debian-clang | 2.0.1 | 4.23 | 20.84 | 25.07 | OK | |
r-devel-linux-x86_64-debian-gcc | 2.0.1 | 2.80 | 16.61 | 19.41 | OK | |
r-devel-linux-x86_64-fedora-clang | 2.0.1 | 39.27 | OK | |||
r-devel-linux-x86_64-fedora-gcc | 2.0.1 | 36.62 | OK | |||
r-devel-windows-x86_64 | 2.0.1 | 7.00 | 45.00 | 52.00 | OK | |
r-patched-linux-x86_64 | 2.0.1 | 4.15 | 20.10 | 24.25 | OK | |
r-release-linux-x86_64 | 2.0.1 | 3.63 | 20.24 | 23.87 | OK | |
r-release-macos-arm64 | 2.0.1 | 29.00 | NOTE | |||
r-release-macos-x86_64 | 2.0.1 | 43.00 | NOTE | |||
r-release-windows-x86_64 | 2.0.1 | 7.00 | 54.00 | 61.00 | NOTE | |
r-oldrel-macos-arm64 | 2.0.1 | 22.00 | NOTE | |||
r-oldrel-macos-x86_64 | 2.0.1 | 46.00 | NOTE | |||
r-oldrel-windows-x86_64 | 2.0.1 | 7.00 | 47.00 | 54.00 | NOTE |
Version: 2.0.1
Check: installed package size
Result: NOTE
installed size is 7.6Mb
sub-directories of 1Mb or more:
corpora 7.5Mb
Flavors: r-release-macos-arm64, r-release-macos-x86_64, r-release-windows-x86_64, r-oldrel-macos-arm64, r-oldrel-macos-x86_64, r-oldrel-windows-x86_64